 the remainder when 488669 is divided by 33.
5
What is the remainder when 32920 is divided by 86?
68
What is the remainder when 112608 is divided by 1656?
0
What is the remainder when 964890 is divided by 2821?
108
Calculate the remainder when 2709175 is divided by 1354553.
69
What is the remainder when 11973307 is divided by 1248?
1243
What is the remainder when 11791562 is divided by 453519?
68
Calculate the remainder when 24743655 is divided by 1789.
1785
Calculate the remainder when 17949837 is divided by 8.
5
What is the remainder when 60324472 is divided by 19785?
7
Calculate the remainder when 4424 is divided by 597.
245
What is the remainder when 25004 is divided by 6094?
628
Calculate the remainder when 11551 is divided by 1115.
401
Calculate the remainder when 44355 is divided by 3846.
2049
What is the remainder when 76916555 is divided by 165?
155
What is the remainder when 4799549 is divided by 1216?
1213
What is the remainder when 85569 is divided by 85073?
496
What is the remainder when 7984 is divided by 2033?
1885
Calculate the remainder when 155908 is divided by 3294.
1090
Calculate the remainder when 68337 is divided by 4208.
1009
What is the remainder when 169027 is divided by 55069?
3820
Calculate the remainder when 3675352 is divided by 103.
3
Calculate the remainder when 59991455 is divided by 14.
13
Calculate the remainder when 136628029 is divided by 1910.
1909
Calculate the remainder when 125378 is divided by 62516.
346
Calculate the remainder when 62868 is divided by 246.
138
Calculate the remainder when 595443 is divided by 1855.
1843
Calculate the remainder when 9247395 is divided by 9247363.
32
What is the remainder when 3735228 is divided by 2931?
1134
What is the remainder when 1625462 is divided by 1535?
1432
Calculate the remainder when 1042494 is divided by 27434.
2
Calculate the remainder when 1433775 is divided by 358418.
103
Calculate the remainder when 218960 is divided by 135.
125
Calculate the remainder when 413474087 is divided by 1057.
1055
What is the remainder when 929884398 is divided by 20?
18
Calculate the remainder when 999454 is divided by 4442.
4
What is the remainder when 16018731 is divided by 33165?
36
What is the remainder when 863150 is divided by 648?
14
What is the remainder when 262602 is divided by 12410?
1992
Calculate the remainder when 342373638 is divided by 1484.
1482
Calculate the remainder when 978785 is divided by 421.
381
Calculate the remainder when 59393164 is divided by 102402.
4
Calculate the remainder when 31424029 is divided by 22.
21
Calculate the remainder when 24979126 is divided by 21854.
4
What is the remainder when 525280008 is divided by 1989697?
0
What is the remainder when 16633070 is divided by 819?
818
Calculate the remainder when 5934477 is divided by 77071.
10
What is the remainder when 5248644 is divided by 656?
644
What is the remainder when 3983520 is divided by 8?
0
Calculate the remainder when 181934 is divided by 15158.
38
What is the remainder when 193481 is divided by 219?
104
What is the remainder when 123308527 is divided by 28?
27
What is the remainder when 4573503 is divided by 3214?
3195
Calculate the remainder when 8655816 is divided by 46.
42
What is the remainder when 3336360 is divided by 90?
60
Calculate the remainder when 16166568 is divided by 1672.
0
What is the remainder when 182278 is divided by 90190?
1898
Calculate the remainder when 875174 is divided by 218627.
666
What is the remainder when 497545 is divided by 514?
507
What is the remainder when 5103049 is divided by 611?
588
What is the remainder when 3063427 is divided by 8?
3
Calculate the remainder when 509929 is divided by 39.
4
Calculate the remainder when 8238 is divided by 569.
272
What is the remainder when 3697004 is divided by 960?
44
Calculate the remainder when 52608428 is divided by 194846.
8
What is the remainder when 5712662 is divided by 259666?
10
Calculate the remainder when 42555267 is divided by 283.
274
Calculate the remainder when 657923 is divided by 6579.
23
What is the remainder when 19970029 is divided by 9713?
101
Calculate the remainder when 794603 is divided by 295.
168
Calculate the remainder when 3038523 is divided by 3139.
3110
Calculate the remainder when 230592 is divided by 321.
114
What is the remainder when 3142 is divided by 1540?
62
Calculate the remainder when 1206727 is divided by 46412.
15
Calculate the remainder when 1019979 is divided by 10511.
412
What is the remainder when 97785316 is divided by 19557057?
31
Calculate the remainder when 1747851138 is divided by 881.
879
Calculate the remainder when 1001533 is divided by 774.
751
Calculate the remainder when 148050 is divided by 1972.
150
Calculate the remainder when 52192874 is divided by 99.
74
What is the remainder when 10404986 is divided by 27?
23
What is the remainder when 19900746 is divided by 407?
74
Calculate the remainder when 38216 is divided by 3511.
3106
What is the remainder when 219974 is divided by 8?
6
What is the remainder when 12754055 is divided by 26?
15
Calculate the remainder when 2834177 is divided by 165.
137
What is the remainder when 18293477 is divided by 2286675?
77
What is the remainder when 22601397 is divided by 3336?
3333
What is the remainder when 58515 is divided by 398?
9
Calculate the remainder when 20907329 is divided by 62.
61
What is the remainder when 3863704 is divided by 243?
4
What is the remainder when 484292 is divided by 2967?
671
Calculate the remainder when 4855371 is divided by 1213834.
35
Calculate the remainder when 46658329 is divided by 3106.
3103
What is the remainder when 274022 is divided by 68454?
206
Calculate the remainder when 266475 is divided by 29559.
444
Calculate the remainder when 245206 is divided by 508.
350
What is the remainder when 18394107 is divided by 903?
900
What is the remainder when 545920 is divided by 9531?
2653
Calculate the remainder when 11973359 is divided by 210.
209
Calculate the remainder when 16275340 is divided by 74.
2
Calculate the remainder when 503800989 is divided by 251900491.
7
Calculate the remainder when 11947014 is divided by 3.
0
What is the remainder when 32300612 is divided by 8075151?
8
What is the remainder when 2601452 is divided by 239?
176
What is the remainder when 11218452 is divided by 4594?
4498
What is the remainder when 2013783 is divided by 12058?
97
What is the remainder when 11653438 is divided by 332955?
13
What is the remainder when 5219319 is divided by 11?
6
Calculate the remainder when 4207116 is divided by 2251.
2248
Calculate the remainder when 314876 is divided by 104442.
1550
Calculate the remainder when 1351211 is divided by 575.
536
What is the remainder when 706927 is divided by 88307?
471
Calculate the remainder when 1621336 is divided by 587.
42
Calculate the remainder when 150973 is divided by 38.
37
Calculate the remainder when 440560573 is divided by 17.
14
Calculate the remainder when 7174601 is divided by 1035.
1016
Calculate the remainder when 446337 is divided by 1807.
8
Calculate the remainder when 19527100 is divided by 1331.
1330
Calculate the remainder when 244950889 is divided by 2788.
2785
What is the remainder when 51269 is divided by 17078?
35
Calculate the remainder when 75478 is divided by 4668.
790
Calculate the remainder when 12188541 is divided by 554.
541
What is the remainder when 3516816 is divided by 1758404?
8
Calculate the remainder when 406030 is divided by 3336.
2374
What is the remainder when 6007567 is divided by 139?
126
What is the remainder when 311996 is divided by 1393?
1357
Calculate the remainder when 16947044 is divided by 14423.
19
What is the remainder when 4156942 is divided by 369?
157
What is the remainder when 1670319 is divided by 4?
3
Calculate the remainder when 8625754 is divided by 2704.
2698
Calculate the remainder when 131206 is divided by 43680.
166
Calculate the remainder when 67770 is divided by 5674.
5356
Calculate the remainder when 234013 is divided by 2035.
2023
What is the remainder when 160973 is divided by 930?
83
What is the remainder when 2530808 is divided by 28?
0
What is the remainder when 34602540 is divided by 90346?
22
Calculate the remainder when 171096 is divided by 253.
68
Calcula